{"id":301,"date":"2019-06-03T12:50:55","date_gmt":"2019-06-03T11:50:55","guid":{"rendered":"https:\/\/blogs.ncl.ac.uk\/scarfethics\/?page_id=301"},"modified":"2021-02-18T17:07:47","modified_gmt":"2021-02-18T17:07:47","slug":"publications","status":"publish","type":"page","link":"https:\/\/blogs.ncl.ac.uk\/scarfethics\/about-scarfethics\/publications\/","title":{"rendered":"Publications"},"content":{"rendered":"<p>We are in the middle of fieldwork so publications are limited as yet:<\/p>\n<p><a id=\"LPlnk629561\" href=\"http:\/\/estudosdoconsumo.com\/wp-content\/uploads\/2018\/11\/ENEC2018-GT02-AFONSO-BARTHOLO-SARAYEDDIN-CARVALHO-SustentabiidadeESolidariedade.pdf\" target=\"_blank\" rel=\"noopener noreferrer\">AFONSO, Rita de CassiaAFONSO, Rita de Cassia M.; BARTHOLO JR, Roberto dos Santos ; SARAYED-DIN, L. F. L. ; CARVALHO, CRISTINE . Sustentabilidade e solidariedade: rela\u00e7\u00f5es de consumo na classe m\u00e9dia brasileira. In: IX Encontro Nacional de Estudos do Consumo, 2018, Rio de Janeiro. IX Encontro Nacional de Estudos do Consumo &#8211; Consumo e g\u00eanero: repensando o consumo a partir da produ\u00e7\u00e3o da diferen\u00e7a. Rio de Janeiro: Grupo de Estudos do Consumo, 2018. v. GT. p. 1-14. M<\/a>.;<\/p>\n\n\n<p>Zhong, S., Crang, M., &amp; Zeng, G. (2020). Constructing freshness: the vitality of wet markets in urban China.&nbsp;<em>Agriculture and Human Values<\/em>,&nbsp;<em>37<\/em>(1), 175-185.&nbsp;<a href=\"https:\/\/doi.org\/10.1007\/s10460-019-09987-2\">https:\/\/doi.org\/10.1007\/s10460-019-09987-2<\/a><\/p>\n","protected":false},"excerpt":{"rendered":"<p>We are in the middle of fieldwork so publications are limited as yet: AFONSO, Rita de CassiaAFONSO, Rita de Cassia M.; BARTHOLO JR, Roberto dos Santos ; SARAYED-DIN, L. F. L. ; CARVALHO, CRISTINE . Sustentabilidade e solidariedade: rela\u00e7\u00f5es de &hellip; <a href=\"https:\/\/blogs.ncl.ac.uk\/scarfethics\/about-scarfethics\/publications\/\">Continue reading <span class=\"meta-nav\">&rarr;<\/span><\/a><\/p>\n","protected":false},"author":7589,"featured_media":0,"parent":103,"menu_order":3,"comment_status":"closed","ping_status":"closed","template":"","meta":{"footnotes":""},"class_list":["post-301","page","type-page","status-publish","hentry"],"_links":{"self":[{"href":"https:\/\/blogs.ncl.ac.uk\/scarfethics\/wp-json\/wp\/v2\/pages\/301","targetHints":{"allow":["GET"]}}],"collection":[{"href":"https:\/\/blogs.ncl.ac.uk\/scarfethics\/wp-json\/wp\/v2\/pages"}],"about":[{"href":"https:\/\/blogs.ncl.ac.uk\/scarfethics\/wp-json\/wp\/v2\/types\/page"}],"author":[{"embeddable":true,"href":"https:\/\/blogs.ncl.ac.uk\/scarfethics\/wp-json\/wp\/v2\/users\/7589"}],"replies":[{"embeddable":true,"href":"https:\/\/blogs.ncl.ac.uk\/scarfethics\/wp-json\/wp\/v2\/comments?post=301"}],"version-history":[{"count":3,"href":"https:\/\/blogs.ncl.ac.uk\/scarfethics\/wp-json\/wp\/v2\/pages\/301\/revisions"}],"predecessor-version":[{"id":330,"href":"https:\/\/blogs.ncl.ac.uk\/scarfethics\/wp-json\/wp\/v2\/pages\/301\/revisions\/330"}],"up":[{"embeddable":true,"href":"https:\/\/blogs.ncl.ac.uk\/scarfethics\/wp-json\/wp\/v2\/pages\/103"}],"wp:attachment":[{"href":"https:\/\/blogs.ncl.ac.uk\/scarfethics\/wp-json\/wp\/v2\/media?parent=301"}],"curies":[{"name":"wp","href":"https:\/\/api.w.org\/{rel}","templated":true}]}}